{"version":"1.0","provider_name":"Kosova Times","provider_url":"https:\/\/kosovatimes.info","author_name":"i l","author_url":"https:\/\/kosovatimes.info\/index.php\/author\/iliri\/","title":"Reagim i gazetarit Sami Curri - Kosova Times","type":"rich","width":600,"height":338,"html":"<blockquote class=\"wp-embedded-content\" data-secret=\"gwotIHt9SV\"><a href=\"https:\/\/kosovatimes.info\/index.php\/2026\/04\/26\/reagim-i-gazetarit-sami-curri\/\">Reagim i gazetarit Sami Curri<\/a><\/blockquote><iframe sandbox=\"allow-scripts\" security=\"restricted\" src=\"https:\/\/kosovatimes.info\/index.php\/2026\/04\/26\/reagim-i-gazetarit-sami-curri\/embed\/#?secret=gwotIHt9SV\" width=\"600\" height=\"338\" title=\"&#8220;Reagim i gazetarit Sami Curri&#8221; &#8212; Kosova Times\" data-secret=\"gwotIHt9SV\" frameborder=\"0\" marginwidth=\"0\" marginheight=\"0\" scrolling=\"no\" class=\"wp-embedded-content\"><\/iframe><script type=\"text\/javascript\">\n\/* <![CDATA[ *\/\n\/*! This file is auto-generated *\/\n!function(d,l){\"use strict\";l.querySelector&&d.addEventListener&&\"undefined\"!=typeof URL&&(d.wp=d.wp||{},d.wp.receiveEmbedMessage||(d.wp.receiveEmbedMessage=function(e){var t=e.data;if((t||t.secret||t.message||t.value)&&!\/[^a-zA-Z0-9]\/.test(t.secret)){for(var s,r,n,a=l.querySelectorAll('iframe[data-secret=\"'+t.secret+'\"]'),o=l.querySelectorAll('blockquote[data-secret=\"'+t.secret+'\"]'),c=new RegExp(\"^https?:$\",\"i\"),i=0;i<o.length;i++)o[i].style.display=\"none\";for(i=0;i<a.length;i++)s=a[i],e.source===s.contentWindow&&(s.removeAttribute(\"style\"),\"height\"===t.message?(1e3<(r=parseInt(t.value,10))?r=1e3:~~r<200&&(r=200),s.height=r):\"link\"===t.message&&(r=new URL(s.getAttribute(\"src\")),n=new URL(t.value),c.test(n.protocol))&&n.host===r.host&&l.activeElement===s&&(d.top.location.href=t.value))}},d.addEventListener(\"message\",d.wp.receiveEmbedMessage,!1),l.addEventListener(\"DOMContentLoaded\",function(){for(var e,t,s=l.querySelectorAll(\"iframe.wp-embedded-content\"),r=0;r<s.length;r++)(t=(e=s[r]).getAttribute(\"data-secret\"))||(t=Math.random().toString(36).substring(2,12),e.src+=\"#?secret=\"+t,e.setAttribute(\"data-secret\",t)),e.contentWindow.postMessage({message:\"ready\",secret:t},\"*\")},!1)))}(window,document);\n\/\/# sourceURL=https:\/\/kosovatimes.info\/wp-includes\/js\/wp-embed.min.js\n\/* ]]> *\/\n<\/script>\n","thumbnail_url":"https:\/\/kosovatimes.info\/wp-content\/uploads\/2026\/04\/Makina-3.jpg","thumbnail_width":843,"thumbnail_height":537,"description":"Fort t\u00eb nderuar miq, koleg\u00eb dhe komuniteti i gazetar\u00ebve, S\u00eb pari, gjej rastin t\u2019ju fal\u00ebnderoj p\u00ebr \u00e7do mesazh kujdesi, mb\u00ebshtetjeje dhe solidariteti! N\u00eb situata t\u00eb tilla, k\u00ebto fjal\u00eb dhe ky q\u00ebndrim m\u00eb ka ndihmuar shum\u00eb p\u00ebr ta p\u00ebrballuar m\u00eb leht\u00eb dhe p\u00ebr t\u00eb kuptuar se nuk jemi vet\u00ebm. Sot, rreth or\u00ebs 02:45 t\u00eb m\u00ebngjesit, vet\u00ebm [&hellip;]"}

Fort të nderuar miq, kolegë dhe komuniteti i gazetarëve, Së pari, gjej rastin t’ju falënderoj për çdo mesazh kujdesi, mbështetjeje dhe solidariteti! Në situata të tilla, këto fjalë dhe ky qëndrim më ka ndihmuar shumë për ta përballuar më lehtë dhe për të kuptuar se nuk jemi vetëm. Sot, rreth orës 02:45 të mëngjesit, vetëm [&hellip;]
