{"version":"1.0","provider_name":"Kosova Times","provider_url":"https:\/\/kosovatimes.info","author_name":"i l","author_url":"https:\/\/kosovatimes.info\/index.php\/author\/iliri\/","title":"IHMK: Moti me diell dhe reshje lokale shiu - Kosova Times","type":"rich","width":600,"height":338,"html":"<blockquote class=\"wp-embedded-content\" data-secret=\"XjDptwg2PJ\"><a href=\"https:\/\/kosovatimes.info\/index.php\/2026\/04\/30\/ihmk-moti-me-diell-dhe-reshje-lokale-shiu\/\">IHMK: Moti me diell dhe reshje lokale shiu<\/a><\/blockquote><iframe sandbox=\"allow-scripts\" security=\"restricted\" src=\"https:\/\/kosovatimes.info\/index.php\/2026\/04\/30\/ihmk-moti-me-diell-dhe-reshje-lokale-shiu\/embed\/#?secret=XjDptwg2PJ\" width=\"600\" height=\"338\" title=\"&#8220;IHMK: Moti me diell dhe reshje lokale shiu&#8221; &#8212; Kosova Times\" data-secret=\"XjDptwg2PJ\" frameborder=\"0\" marginwidth=\"0\" marginheight=\"0\" scrolling=\"no\" class=\"wp-embedded-content\"><\/iframe><script type=\"text\/javascript\">\n\/* <![CDATA[ *\/\n\/*! This file is auto-generated *\/\n!function(d,l){\"use strict\";l.querySelector&&d.addEventListener&&\"undefined\"!=typeof URL&&(d.wp=d.wp||{},d.wp.receiveEmbedMessage||(d.wp.receiveEmbedMessage=function(e){var t=e.data;if((t||t.secret||t.message||t.value)&&!\/[^a-zA-Z0-9]\/.test(t.secret)){for(var s,r,n,a=l.querySelectorAll('iframe[data-secret=\"'+t.secret+'\"]'),o=l.querySelectorAll('blockquote[data-secret=\"'+t.secret+'\"]'),c=new RegExp(\"^https?:$\",\"i\"),i=0;i<o.length;i++)o[i].style.display=\"none\";for(i=0;i<a.length;i++)s=a[i],e.source===s.contentWindow&&(s.removeAttribute(\"style\"),\"height\"===t.message?(1e3<(r=parseInt(t.value,10))?r=1e3:~~r<200&&(r=200),s.height=r):\"link\"===t.message&&(r=new URL(s.getAttribute(\"src\")),n=new URL(t.value),c.test(n.protocol))&&n.host===r.host&&l.activeElement===s&&(d.top.location.href=t.value))}},d.addEventListener(\"message\",d.wp.receiveEmbedMessage,!1),l.addEventListener(\"DOMContentLoaded\",function(){for(var e,t,s=l.querySelectorAll(\"iframe.wp-embedded-content\"),r=0;r<s.length;r++)(t=(e=s[r]).getAttribute(\"data-secret\"))||(t=Math.random().toString(36).substring(2,12),e.src+=\"#?secret=\"+t,e.setAttribute(\"data-secret\",t)),e.contentWindow.postMessage({message:\"ready\",secret:t},\"*\")},!1)))}(window,document);\n\/\/# sourceURL=https:\/\/kosovatimes.info\/wp-includes\/js\/wp-embed.min.js\n\/* ]]> *\/\n<\/script>\n","thumbnail_url":"https:\/\/kosovatimes.info\/wp-content\/uploads\/2026\/04\/moti-2.jpg","thumbnail_width":696,"thumbnail_height":522,"description":"Instituti Hidrometeorologjik i Kosov\u00ebs njofton se moti n\u00eb vend do t\u00eb karakterizohet nga alternime t\u00eb diellit dhe vran\u00ebsirave, me mund\u00ebsi p\u00ebr reshje t\u00eb her\u00ebpashershme shiu n\u00eb disa zona Temperaturat minimale do t\u00eb l\u00ebvizin nd\u00ebrmjet 4 dhe 7 grad\u00eb Celsius, nd\u00ebrsa maksimalet pritet t\u00eb arrijn\u00eb nga 11 deri n\u00eb 13 grad\u00eb Celsius. Do t\u00eb fryj\u00eb er\u00eb [&hellip;]"}

Instituti Hidrometeorologjik i Kosovës njofton se moti në vend do të karakterizohet nga alternime të diellit dhe vranësirave, me mundësi për reshje të herëpashershme shiu në disa zona Temperaturat minimale do të lëvizin ndërmjet 4 dhe 7 gradë Celsius, ndërsa maksimalet pritet të arrijnë nga 11 deri në 13 gradë Celsius. Do të fryjë erë [&hellip;]
